{"id":4008,"date":"2018-09-03T21:11:51","date_gmt":"2018-09-03T21:11:51","guid":{"rendered":"http:\/\/bomby.webtm.ru\/?page_id=4008"},"modified":"2021-11-25T15:36:51","modified_gmt":"2021-11-25T15:36:51","slug":"home-colorful","status":"publish","type":"page","link":"https:\/\/spendenlike.bavarian-caps.de\/","title":{"rendered":"Home Colorful"},"content":{"rendered":"<p>[vc_row full_width=&#8221;stretch_row&#8221; gap=&#8221;30&#8243; full_height=&#8221;yes&#8221; p_top=&#8221;0&#8243; m_bottom=&#8221;0&#8243; css=&#8221;.vc_custom_1636996646078{padding-top: 140px !important;padding-bottom: 140px !important;}&#8221;]\n\t<div class=\"vc_col-sm-12 wpb_column vc_column_container \"  data-wow-delay=\"0ms\" data-wow-iteration=\"1\" >\n\t\t<div class=\"wpb_wrapper\">\n\t\t\t[vc_column_text c_id=&#8221;.vc_1637053288674&#8243;]<img loading=\"lazy\" width=\"3204\" height=\"477\" class=\"size-medium wp-image-4406 aligncenter\" style=\"width: 80%;\" src=\"https:\/\/spendenlike.bavarian-caps.de\/wp-content\/uploads\/2021\/11\/bc_x_spendlike-breit.png\" alt=\"\" srcset=\"https:\/\/spendenlike.bavarian-caps.de\/wp-content\/uploads\/2021\/11\/bc_x_spendlike-breit.png 3204w, https:\/\/spendenlike.bavarian-caps.de\/wp-content\/uploads\/2021\/11\/bc_x_spendlike-breit-480x71.png 480w, https:\/\/spendenlike.bavarian-caps.de\/wp-content\/uploads\/2021\/11\/bc_x_spendlike-breit-1200x179.png 1200w\" sizes=\"(max-width: 3204px) 100vw, 3204px\" \/>[\/vc_column_text][ivan_title title_tag=&#8221;h3&#8243; animation_iteration=&#8221;1&#8243; c_id=&#8221;.vc_1637053718656&#8243; title_css=&#8221;color:#ffffff;margin-bottom:30px;&#8221; subtitle_css=&#8221;color:#111111;&#8221;]Sei dabei beim <span class=\"underline-text-color2\">Weihnachts-Spenden-Marathon<\/span> mit Spendenlike![\/ivan_title][vc_column_text c_id=&#8221;.vc_1637053803066&#8243;]<\/p>\n<p style=\"color: #ffffff; font-size: 22px; text-align: center;\">Trag dein Herz auf dem Kopf und mach soziale Projekte gro\u00df!<\/p>\n<p>[\/vc_column_text][vc_btn title=&#8221;Wie mach ich mit?&#8221; align=&#8221;center&#8221; custom_onclick=&#8221;true&#8221; custom_onclick_code=&#8221;document.getElementById(&#8220;start&#8220;).scrollIntoView({ behavior: &#8216;smooth&#8217;});&#8221;]\n\t\t<\/div> <!-- END .wpb_wrapper -->\n\t<\/div> <!-- END  wpb_column vc_column_container  -->\n[\/vc_row][vc_row full_width=&#8221;stretch_row_content_no_spaces&#8221; equal_height=&#8221;yes&#8221; m_bottom=&#8221;0&#8243; el_id=&#8221;start&#8221;]\n\t<div class=\"vc_col-sm-6 wpb_column vc_column_container  wow animated fadeInUp vc_custom_1536165315416\"  data-wow-delay=\"0ms\" data-wow-iteration=\"1\" >\n\t\t<div class=\"wpb_wrapper\">\n\t\t\t[ivan_title align=&#8221;left&#8221; animation_iteration=&#8221;1&#8243; c_id=&#8221;.vc_1637141922077&#8243; subtitle_css=&#8221;color:#111111;&#8221;]Spendenlike Pin[\/ivan_title][vc_column_text c_id=&#8221;.vc_1637854360533&#8243;]<\/p>\n<table style=\"border: none;\">\n<tbody style=\"border: none;\">\n<tr style=\"border: none;\">\n<td style=\"border: none;\" width=\"30%\"><img loading=\"lazy\" class=\"alignnone size-full wp-image-4530\" src=\"https:\/\/spendenlike.bavarian-caps.de\/wp-content\/uploads\/2021\/11\/pin.png\" alt=\"\" width=\"150\" height=\"156\" \/><\/td>\n<td style=\"border: none;\">\n<p style=\"color: #111;\">Hol dir den BC-SpendenLike Pin und zeig, dass du das Herz am rechten Fleck tr\u00e4gst (oder wo dir der Pin auch sonst gef\u00e4llt)! Alle Erl\u00f6se gehen zu 100% an SpendenLike. Die Pins gibt es entweder Online oder in den Bavarian Caps Flagship Stores.<\/p>\n<\/td>\n<\/tr>\n<\/tbody>\n<\/table>\n<p>[\/vc_column_text][vc_empty_space height=&#8221;20px&#8221;][ivan_button link=&#8221;https:\/\/www.bavarian-caps.de\/de\/product_info.php?info=p833_bc-spendenlike-pin.html&#8221; target=&#8221;yes&#8221; animation_iteration=&#8221;1&#8243; c_id=&#8221;.vc_1637142490505&#8243;]Hol dir deinen Pin[\/ivan_button]\n\t\t<\/div> <!-- END .wpb_wrapper -->\n\t<\/div> <!-- END  wpb_column vc_column_container  wow animated fadeInUp -->\n\n\t<div class=\"vc_col-sm-6 wpb_column vc_column_container  wow animated fadeInUp vc_custom_1536165332320\"  data-wow-delay=\"150ms\" data-wow-iteration=\"1\" >\n\t\t<div class=\"wpb_wrapper\">\n\t\t\t[ivan_title align=&#8221;left&#8221; animation_iteration=&#8221;1&#8243; c_id=&#8221;.vc_1637141930034&#8243; subtitle_css=&#8221;color:#111111;&#8221;]Vor Ort Spenden[\/ivan_title][vc_column_text c_id=&#8221;.vc_1637141799478&#8243;]<\/p>\n<p style=\"color: #111;\">In den Bavarian Caps Flagship Stores finden sich Spendenlike Spendenboxen an den Kassen. Hier kannst du entspannt eine gute Sache unters\u00fctzen!<\/p>\n<p>[\/vc_column_text][vc_empty_space height=&#8221;20px&#8221;][ivan_button link=&#8221;https:\/\/www.bavarian-caps.de\/de\/shop_content.php?coID=3300003&#8243; target=&#8221;yes&#8221; animation_iteration=&#8221;1&#8243; c_id=&#8221;.vc_1637141826236&#8243;]Zu den Flagship Stores[\/ivan_button]\n\t\t<\/div> <!-- END .wpb_wrapper -->\n\t<\/div> <!-- END  wpb_column vc_column_container  wow animated fadeInUp -->\n[\/vc_row][vc_row full_width=&#8221;stretch_row_content_no_spaces&#8221; equal_height=&#8221;yes&#8221; m_bottom=&#8221;0&#8243; css=&#8221;.vc_custom_1637142448226{background-position: center !important;background-repeat: no-repeat !important;background-size: cover !important;}&#8221;]\n\t<div class=\"vc_col-sm-6 wpb_column vc_column_container  wow animated fadeInUp vc_custom_1536165322568\"  data-wow-delay=\"0ms\" data-wow-iteration=\"1\" >\n\t\t<div class=\"wpb_wrapper\">\n\t\t\t[ivan_title align=&#8221;left&#8221; animation_iteration=&#8221;1&#8243; c_id=&#8221;.vc_1637141937558&#8243; title_css=&#8221;color:#ffffff;&#8221; subtitle_css=&#8221;color:#111111;&#8221;]Direkt Spenden[\/ivan_title][vc_column_text c_id=&#8221;.vc_1637854531677&#8243;]<\/p>\n<p style=\"color: #fff;\"><u>Entweder online unter:<\/u><br \/>\n<a style=\"color: #fff;\" href=\"https:\/\/donorbox.org\/adventsaktion-von-bavarian-caps-spendenlike\" target=\"_NEW\" rel=\"noopener\">https:\/\/donorbox.org\/adventsaktion-von-bavarian-caps-spendenlike<\/a><\/p>\n<p style=\"color: #fff;\"><u>Oder auf das Spendenkonto:<\/u><br \/>\nSpendenLike e.V.<br \/>\nIBAN: DE49 7505 1040 0031 5008 04<br \/>\nBIC: BYLADEM1SAD<br \/>\nVerwendungszweck: Bavarian Caps Spendenlike<\/p>\n<p>[\/vc_column_text][vc_empty_space height=&#8221;20px&#8221;]\n\t\t<\/div> <!-- END .wpb_wrapper -->\n\t<\/div> <!-- END  wpb_column vc_column_container  wow animated fadeInUp -->\n\n\t<div class=\"vc_col-sm-6 wpb_column vc_column_container  wow animated fadeInUp vc_custom_1637142460064\"  data-wow-delay=\"150ms\" data-wow-iteration=\"1\" >\n\t\t<div class=\"wpb_wrapper\">\n\t\t\t[vc_column_text c_id=&#8221;.vc_1637142364912&#8243;]<\/p>\n<p>&nbsp;<\/p>\n<p>&nbsp;<\/p>\n<p>[\/vc_column_text]\n\t\t<\/div> <!-- END .wpb_wrapper -->\n\t<\/div> <!-- END  wpb_column vc_column_container  wow animated fadeInUp -->\n[\/vc_row][vc_row gap=&#8221;30&#8243; m_bottom=&#8221;0&#8243; css=&#8221;.vc_custom_1512226455607{padding-top: 160px !important;padding-bottom: 60px !important;}&#8221;]\n\t<div class=\"vc_col-sm-10 vc_col-md-8 wpb_column vc_column_container \"  data-wow-delay=\"0ms\" data-wow-iteration=\"1\" >\n\t\t<div class=\"wpb_wrapper\">\n\t\t\t[ivan_title align=&#8221;left&#8221; animation=&#8221;fadeInUp&#8221; animation_iteration=&#8221;1&#8243; c_id=&#8221;.vc_1637142053914&#8243; title_css=&#8221;color:#ffffff;&#8221; subtitle_css=&#8221;color:#111111;margin-bottom:30px;&#8221; sub=&#8221;Was ist Spendenlike?&#8221;]Mit einer Spende unterst\u00fctzt du 3 <span class=\"underline-text-color\">gemeinn\u00fctzige Projekte<\/span>.[\/ivan_title][vc_column_text css_animation=&#8221;fadeInUp&#8221; c_id=&#8221;.vc_1637142178460&#8243;]<\/p>\n<p style=\"font-size: 18px; color: #fff;\"><a style=\"color: #fff;\" href=\"https:\/\/www.spendenlike.de\/\" target=\"_blank\" rel=\"noopener\">SpendenLike e.V<\/a>. ist ein gemeinn\u00fctziger Verein. Wir wollen unsere Mitmenschen durch das Internet mehr auf soziale Projekte und Probleme aufmerksamen machen. Das Ziel dabei ist es, \u00fcber die Dinge nachzudenken und sich m\u00f6glicherweise selbst zu engagieren.<\/p>\n<p>[\/vc_column_text]\n\t\t<\/div> <!-- END .wpb_wrapper -->\n\t<\/div> <!-- END  wpb_column vc_column_container  -->\n[\/vc_row][vc_row full_width=&#8221;stretch_row_content_no_spaces&#8221; m_bottom=&#8221;0&#8243; css=&#8221;.vc_custom_1536165288371{padding-right: 60px !important;padding-left: 60px !important;}&#8221;]\n\t<div class=\"vc_col-sm-12 wpb_column vc_column_container \"  data-wow-delay=\"0ms\">\n\t\t<div class=\"wpb_wrapper\">\n\t\t\t[ivan_projects ivan_posts_per_page=&#8221;3&#8243; ivan_img_size=&#8221;ivan_project_large_wide_crop&#8221; ivan_columns=&#8221;3&#8243; ivan_enable_sizes=&#8221;yes&#8221; ivan_cover=&#8221;light-caption&#8221; ivan_open=&#8221;lightbox&#8221; animation=&#8221;fadeInUp&#8221; animation_iteration=&#8221;1&#8243; c_id=&#8221;.vc_1637760339241&#8243;]\n\t\t<\/div> <!-- END .wpb_wrapper -->\n\t<\/div> <!-- END  wpb_column vc_column_container  -->\n[\/vc_row]<\/p>\n","protected":false},"excerpt":{"rendered":"<p>[vc_row full_width=&#8221;stretch_row&#8221; gap=&#8221;30&#8243; full_height=&#8221;yes&#8221; p_top=&#8221;0&#8243; m_bottom=&#8221;0&#8243; css=&#8221;.vc_custom_1636996646078{padding-top: 140px !important;padding-bottom: 140px !important;}&#8221;][\/vc_row][vc_row full_width=&#8221;stretch_row_content_no_spaces&#8221; equal_height=&#8221;yes&#8221; m_bottom=&#8221;0&#8243; el_id=&#8221;start&#8221;][\/vc_row][vc_row full_width=&#8221;stretch_row_content_no_spaces&#8221; equal_height=&#8221;yes&#8221; m_bottom=&#8221;0&#8243; css=&#8221;.vc_custom_1637142448226{background-position: center !important;background-repeat: no-repeat !important;background-size: cover !important;}&#8221;][\/vc_row][vc_row gap=&#8221;30&#8243; m_bottom=&#8221;0&#8243; css=&#8221;.vc_custom_1512226455607{padding-top: 160px !important;padding-bottom: 60px !important;}&#8221;][\/vc_row][vc_row full_width=&#8221;stretch_row_content_no_spaces&#8221; m_bottom=&#8221;0&#8243; css=&#8221;.vc_custom_1536165288371{padding-right: 60px !important;padding-left: 60px !important;}&#8221;][\/vc_row]<\/p>\n","protected":false},"author":1,"featured_media":0,"parent":0,"menu_order":0,"comment_status":"closed","ping_status":"closed","template":"","meta":[],"_links":{"self":[{"href":"https:\/\/spendenlike.bavarian-caps.de\/index.php?rest_route=\/wp\/v2\/pages\/4008"}],"collection":[{"href":"https:\/\/spendenlike.bavarian-caps.de\/index.php?rest_route=\/wp\/v2\/pages"}],"about":[{"href":"https:\/\/spendenlike.bavarian-caps.de\/index.php?rest_route=\/wp\/v2\/types\/page"}],"author":[{"embeddable":true,"href":"https:\/\/spendenlike.bavarian-caps.de\/index.php?rest_route=\/wp\/v2\/users\/1"}],"replies":[{"embeddable":true,"href":"https:\/\/spendenlike.bavarian-caps.de\/index.php?rest_route=%2Fwp%2Fv2%2Fcomments&post=4008"}],"version-history":[{"count":65,"href":"https:\/\/spendenlike.bavarian-caps.de\/index.php?rest_route=\/wp\/v2\/pages\/4008\/revisions"}],"predecessor-version":[{"id":4554,"href":"https:\/\/spendenlike.bavarian-caps.de\/index.php?rest_route=\/wp\/v2\/pages\/4008\/revisions\/4554"}],"wp:attachment":[{"href":"https:\/\/spendenlike.bavarian-caps.de\/index.php?rest_route=%2Fwp%2Fv2%2Fmedia&parent=4008"}],"curies":[{"name":"wp","href":"https:\/\/api.w.org\/{rel}","templated":true}]}}